{"id":1937,"date":"2016-08-19T14:37:40","date_gmt":"2016-08-19T14:37:40","guid":{"rendered":"http:\/\/kudos.select-themes.com\/?page_id=1937"},"modified":"2025-01-29T11:19:47","modified_gmt":"2025-01-29T11:19:47","slug":"forvet-bilisim-iletisim","status":"publish","type":"page","link":"https:\/\/forvetbilisim.com\/index.php\/forvet-bilisim-iletisim\/","title":{"rendered":"\u0130leti\u015fim"},"content":{"rendered":"<section class=\"wpb-content-wrapper\"><p>[vc_row content_width=&#8221;grid&#8221; full_screen_section_height=&#8221;no&#8221; css=&#8221;.vc_custom_1470996926898{padding-top: 96px !important;padding-bottom: 138px !important;}&#8221;][vc_column css=&#8221;.vc_custom_1471259768419{padding-right: 15% !important;}&#8221; offset=&#8221;vc_col-lg-6 vc_col-md-12&#8243;][vc_empty_space height=&#8221;35px&#8221;][vc_column_text]<\/p>\n<h2>\u0130leti\u015fim Bilgisi<\/h2>\n<p>[\/vc_column_text][vc_empty_space height=&#8221;7px&#8221;][vc_column_text]Soru, G\u00f6r\u00fc\u015f ve \u00d6nerileriniz \u0130\u00e7in, Bize Ula\u015f\u0131n![\/vc_column_text][vc_empty_space height=&#8221;20px&#8221;]<div class=\"qodef-icon-list-item\">\n    <div class=\"qodef-icon-list-icon-holder\">\n        <div class=\"qodef-icon-list-icon-holder-inner clearfix\">\n\t\t\t<i class=\"qodef-icon-ion-icon ion-ios-location-outline \" style=\"color:#68daca;font-size:22px\"><\/i>        <\/div>\n    <\/div>\n    <p class=\"qodef-icon-list-text\" style=\"font-size:15px\" > Ta\u015fyaka Mahallesi, Delikta\u015f Mevkii, 281\/21.Sokak, Katman Apartman\u0131, Kat:3, No:6<\/p>\n<\/div><div class=\"qodef-icon-list-item\">\n    <div class=\"qodef-icon-list-icon-holder\">\n        <div class=\"qodef-icon-list-icon-holder-inner clearfix\">\n\t\t\t<i class=\"qodef-icon-ion-icon ion-iphone \" style=\"color:#68daca;font-size:22px\"><\/i>        <\/div>\n    <\/div>\n    <p class=\"qodef-icon-list-text\" style=\"font-size:15px\" > (0553) 576 1469<\/p>\n<\/div><div class=\"qodef-icon-list-item\">\n    <div class=\"qodef-icon-list-icon-holder\">\n        <div class=\"qodef-icon-list-icon-holder-inner clearfix\">\n\t\t\t<i class=\"qodef-icon-ion-icon ion-ios-email-outline \" style=\"color:#68daca;font-size:22px\"><\/i>        <\/div>\n    <\/div>\n    <p class=\"qodef-icon-list-text\" style=\"font-size:15px\" > info@forvetbilisim.com<\/p>\n<\/div>\n    <span class=\"qodef-icon-shortcode normal\" style=\"margin: 0px 15px 0px 0px\" data-color=\"#1bc6c0\">\n        \n        <i class=\"qodef-icon-ion-icon ion-android-share-alt qodef-icon-element\" style=\"color: #1bc6c0;font-size:18px\" ><\/i>\n            <\/span>\n\n\n    <span class=\"qodef-icon-shortcode circle\" style=\"margin: 0px 3px 0px 0px;width: 27px;height: 27px;line-height: 27px;background-color: #444444;border-color: #444444\" data-hover-border-color=\"#66dbc9\" data-hover-background-color=\"#66dbc9\" data-hover-color=\"#ffffff\" data-color=\"#ffffff\">\n                    <a itemprop=\"url\" class=\"\" href=\"http:\/\/www.twitter.com\" target=\"_blank\" rel=\"noopener\">\n        \n        <span aria-hidden=\"true\" class=\"qodef-icon-font-elegant social_twitter qodef-icon-element\" style=\"color: #ffffff;font-size:10px\" ><\/span>\n                    <\/a>\n            <\/span>\n\n\n    <span class=\"qodef-icon-shortcode circle\" style=\"margin: 0px 3px 0px 0px;width: 27px;height: 27px;line-height: 27px;background-color: #444444;border-color: #444444\" data-hover-border-color=\"#66dbc9\" data-hover-background-color=\"#66dbc9\" data-hover-color=\"#ffffff\" data-color=\"#ffffff\">\n                    <a itemprop=\"url\" class=\"\" href=\"http:\/\/www.facebook.com\" target=\"_blank\" rel=\"noopener\">\n        \n        <span aria-hidden=\"true\" class=\"qodef-icon-font-elegant social_facebook qodef-icon-element\" style=\"color: #ffffff;font-size:10px\" ><\/span>\n                    <\/a>\n            <\/span>\n\n\n    <span class=\"qodef-icon-shortcode circle\" style=\"margin: 0px 3px 0px 0px;width: 27px;height: 27px;line-height: 27px;background-color: #444444;border-color: #444444\" data-hover-border-color=\"#66dbc9\" data-hover-background-color=\"#66dbc9\" data-hover-color=\"#ffffff\" data-color=\"#ffffff\">\n                    <a itemprop=\"url\" class=\"\" href=\"http:\/\/www.instagram.com\" target=\"_blank\" rel=\"noopener\">\n        \n        <span aria-hidden=\"true\" class=\"qodef-icon-font-elegant social_instagram qodef-icon-element\" style=\"color: #ffffff;font-size:10px\" ><\/span>\n                    <\/a>\n            <\/span>\n\n\n    <span class=\"qodef-icon-shortcode circle\" style=\"width: 27px;height: 27px;line-height: 27px;background-color: #444444;border-color: #444444\" data-hover-border-color=\"#66dbc9\" data-hover-background-color=\"#66dbc9\" data-hover-color=\"#ffffff\" data-color=\"#ffffff\">\n                    <a itemprop=\"url\" class=\"\" href=\"http:\/\/www.linkedin.com\" target=\"_blank\" rel=\"noopener\">\n        \n        <span aria-hidden=\"true\" class=\"qodef-icon-font-elegant social_linkedin qodef-icon-element\" style=\"color: #ffffff;font-size:10px\" ><\/span>\n                    <\/a>\n            <\/span>\n\n[\/vc_column][vc_column offset=&#8221;vc_col-lg-6 vc_col-md-12&#8243;][vc_empty_space height=&#8221;40px&#8221;]\n<div class=\"wpcf7 no-js\" id=\"wpcf7-f446-o1\" lang=\"en-US\" dir=\"ltr\" data-wpcf7-id=\"446\">\n<div class=\"screen-reader-response\"><p role=\"status\" aria-live=\"polite\" aria-atomic=\"true\"><\/p> <ul><\/ul><\/div>\n<form action=\"\/index.php\/wp-json\/wp\/v2\/pages\/1937#wpcf7-f446-o1\" method=\"post\" class=\"wpcf7-form init cf7_custom_style_1\" aria-label=\"Contact form\" novalidate=\"novalidate\" data-status=\"init\">\n<fieldset class=\"hidden-fields-container\"><input type=\"hidden\" name=\"_wpcf7\" value=\"446\" \/><input type=\"hidden\" name=\"_wpcf7_version\" value=\"6.1.2\" \/><input type=\"hidden\" name=\"_wpcf7_locale\" value=\"en_US\" \/><input type=\"hidden\" name=\"_wpcf7_unit_tag\" value=\"wpcf7-f446-o1\" \/><input type=\"hidden\" name=\"_wpcf7_container_post\" value=\"0\" \/><input type=\"hidden\" name=\"_wpcf7_posted_data_hash\" value=\"\" \/>\n<\/fieldset>\n<div class=\"qodef-two-columns-50-50\">\n\t<div class=\"qodef-two-columns-50-50-inner\">\n\t\t<div class=\"qodef-column\">\n\t\t\t<div class=\"qodef-column-inner\">\n\t\t\t\t<p><span class=\"wpcf7-form-control-wrap\" data-name=\"your-name\"><input size=\"40\" maxlength=\"400\" class=\"wpcf7-form-control wpcf7-text wpcf7-validates-as-required\" aria-required=\"true\" aria-invalid=\"false\" placeholder=\"Name*\" value=\"\" type=\"text\" name=\"your-name\" \/><\/span>\n\t\t\t\t<\/p>\n\t\t\t<\/div>\n\t\t<\/div>\n\t\t<div class=\"qodef-column\">\n\t\t\t<div class=\"qodef-column-inner\">\n\t\t\t\t<p><span class=\"wpcf7-form-control-wrap\" data-name=\"your-email\"><input size=\"40\" maxlength=\"400\" class=\"wpcf7-form-control wpcf7-email wpcf7-validates-as-required wpcf7-text wpcf7-validates-as-email\" aria-required=\"true\" aria-invalid=\"false\" placeholder=\"Email*\" value=\"\" type=\"email\" name=\"your-email\" \/><\/span>\n\t\t\t\t<\/p>\n\t\t\t<\/div>\n\t\t<\/div>\n\t<\/div>\n<\/div>\n<p><span class=\"wpcf7-form-control-wrap\" data-name=\"your-subject\"><input size=\"40\" maxlength=\"400\" class=\"wpcf7-form-control wpcf7-text wpcf7-validates-as-required\" aria-required=\"true\" aria-invalid=\"false\" placeholder=\"Subject*\" value=\"\" type=\"text\" name=\"your-subject\" \/><\/span><br \/>\n<span class=\"wpcf7-form-control-wrap\" data-name=\"your-message\"><textarea cols=\"40\" rows=\"10\" maxlength=\"2000\" class=\"wpcf7-form-control wpcf7-textarea\" aria-invalid=\"false\" placeholder=\"Message\" name=\"your-message\"><\/textarea><\/span><br \/>\n<input class=\"wpcf7-form-control wpcf7-submit has-spinner\" type=\"submit\" value=\"Submit\" \/>\n<\/p><div class=\"wpcf7-response-output\" aria-hidden=\"true\"><\/div>\n<\/form>\n<\/div>\n[\/vc_column][\/vc_row][vc_row content_aligment=&#8221;center&#8221; full_screen_section_height=&#8221;no&#8221;][vc_column][vc_column_text]<iframe loading=\"lazy\" style=\"border: 0;\" src=\"https:\/\/www.google.com\/maps\/embed?pb=!1m18!1m12!1m3!1d1601.282077679084!2d29.133441972666795!3d36.61280480704662!2m3!1f0!2f0!3f0!3m2!1i1024!2i768!4f13.1!3m3!1m2!1s0x14c0415ea2c23019%3A0x16f46d6993eff9b5!2sForvet%20Bili%C5%9Fim!5e0!3m2!1str!2str!4v1736770732170!5m2!1str!2str\" width=\"1250\" height=\"450\" allowfullscreen=\"allowfullscreen\"><\/iframe>[\/vc_column_text][\/vc_column][\/vc_row]<\/p>\n<\/section>","protected":false},"excerpt":{"rendered":"<p>[vc_row content_width=&#8221;grid&#8221; full_screen_section_height=&#8221;no&#8221; css=&#8221;.vc_custom_1470996926898{padding-top: 96px !important;padding-bottom: 138px !important;}&#8221;][vc_column css=&#8221;.vc_custom_1471259768419{padding-right: 15% !important;}&#8221; offset=&#8221;vc_col-lg-6 vc_col-md-12&#8243;][vc_empty_space height=&#8221;35px&#8221;][vc_column_text] \u0130leti\u015fim Bilgisi [\/vc_column_text][vc_empty_space height=&#8221;7px&#8221;][vc_column_text]Soru, G\u00f6r\u00fc\u015f ve \u00d6nerileriniz \u0130\u00e7in, Bize Ula\u015f\u0131n![\/vc_column_text][vc_empty_space height=&#8221;20px&#8221;][\/vc_column][vc_column offset=&#8221;vc_col-lg-6 vc_col-md-12&#8243;][vc_empty_space height=&#8221;40px&#8221;][\/vc_column][\/vc_row][vc_row content_aligment=&#8221;center&#8221; full_screen_section_height=&#8221;no&#8221;][vc_column][vc_column_text][\/vc_column_text][\/vc_column][\/vc_row]<\/p>\n","protected":false},"author":1,"featured_media":0,"parent":0,"menu_order":0,"comment_status":"closed","ping_status":"closed","template":"full-width.php","meta":{"footnotes":""},"class_list":["post-1937","page","type-page","status-publish","hentry"],"_links":{"self":[{"href":"https:\/\/forvetbilisim.com\/index.php\/wp-json\/wp\/v2\/pages\/1937","targetHints":{"allow":["GET"]}}],"collection":[{"href":"https:\/\/forvetbilisim.com\/index.php\/wp-json\/wp\/v2\/pages"}],"about":[{"href":"https:\/\/forvetbilisim.com\/index.php\/wp-json\/wp\/v2\/types\/page"}],"author":[{"embeddable":true,"href":"https:\/\/forvetbilisim.com\/index.php\/wp-json\/wp\/v2\/users\/1"}],"replies":[{"embeddable":true,"href":"https:\/\/forvetbilisim.com\/index.php\/wp-json\/wp\/v2\/comments?post=1937"}],"version-history":[{"count":10,"href":"https:\/\/forvetbilisim.com\/index.php\/wp-json\/wp\/v2\/pages\/1937\/revisions"}],"predecessor-version":[{"id":6260,"href":"https:\/\/forvetbilisim.com\/index.php\/wp-json\/wp\/v2\/pages\/1937\/revisions\/6260"}],"wp:attachment":[{"href":"https:\/\/forvetbilisim.com\/index.php\/wp-json\/wp\/v2\/media?parent=1937"}],"curies":[{"name":"wp","href":"https:\/\/api.w.org\/{rel}","templated":true}]}}